(s) = -s + 19. What are the prime factors of k(c)?
2
Suppose 0 = -189*q + 184*q + 2915. What are the prime factors of q?
11, 53
Let f be (-568)/(-32) + (-6)/8. Let r = 50 - f. What are the prime factors of r?
3, 11
Suppose 4*a = 3*m - 34, 2*a - 5 = -3*m + 5. What are the prime factors of (-10)/4*m/30*-142?
71
Suppose -2*r = 5*p - 496, 4*p = -r - 117 + 515. Let f = p - 29. List the prime factors of f.
71
Let g = -21 + 54. Suppose -j + 3*w = -19, 0*j - g = -j - 4*w. What are the prime factors of 10/j*(-30)/(-2)?
2, 3
Suppose 0 = -2*u + q - 3, -u - 2*q = 3*u + 2. What are the prime factors of (-2 - u)/(3/6) + 42?
2, 5
Let c = 22 - 4. Suppose 8*q + 10 - 90 = 0. Let g = c + q. What are the prime factors of g?
2, 7
Suppose -10*d + 1236 = -6*d. List the prime factors of d.
3, 103
Suppose -2*c - v = -2*v - 605, -2*v = 2*c - 590. What are the prime factors of c?
2, 3, 5
Suppose -14 + 17 = a. Suppose -5*p + 5*o = -745, 3*o - 449 = -a*p + 5*o. List the prime factors of p.
151
Suppose 2*c = c + 52. Suppose 41*o - 864 = 32*o. Let l = o - c. List the prime factors of l.
2, 11
Let q(g) = 2*g**2 + 32*g + 2. Let n be q(-17). What are the prime factors of (216/n)/(2/43)?
3, 43
Suppose 0 = 7*n - 8*n - 4*g + 370, -4*n = -2*g - 1426. What are the prime factors of n?
2, 179
Suppose 0 = -235*n + 236*n - 64. What are the prime factors of n?
2
Suppose -8*i = -6*i. Suppose a + 29 + 1 = i. Let k = 93 + a. What are the prime factors of k?
3, 7
Let x(b) = 55*b + 19. What are the prime factors of x(5)?
2, 3, 7
Suppose 8*c = -481 + 4041. What are the prime factors of c?
5, 89
Let a(t) = -374*t - 202. What are the prime factors of a(-2)?
2, 3, 7, 13
Let g(t) = -t**2 - 19*t - 30. Suppose 4*c = 5*x + 68, 5*c - 28 = 4*x + 30. List the prime factors of g(x).
2, 3
Let j(k) = -k**3 + 7*k**2 - 21*k - 73. List the prime factors of j(-10).
11, 167
Suppose -9*o + 70 = -11. Suppose o*g - g = 1576. List the prime factors of g.
197
Suppose 0 = -5*n - z - 2298 + 6541, 3*n = -2*z + 2550. List the prime factors of n.
2, 53
Suppose -2*w = 4*f - 157 - 1415, 5*f - 1965 = -3*w. List the prime factors of f.
3, 131
Let p be (-3 + 1)/((-10)/15). Suppose -u + 1 = -p*s, 6 = -3*s + 5*u + 1. Suppose -48 = -w - a - s*a, a + 144 = 3*w. What are the prime factors of w?
2, 3
Suppose 28906 + 24494 = 60*l. What are the prime factors of l?
2, 5, 89
What are the prime factors of 2/2*-4 - -440?
2, 109
Let y(v) = v**3 - 11*v**2 - 20*v + 7. Let k be -5 + 8 + -4 + 15. List the prime factors of y(k).
3, 5, 7
Let g = 398 + -257. What are the prime factors of g?
3, 47
Suppose 482 = k + 6*u - 4*u, 0 = 2*k + 5*u - 967. List the prime factors of k.
2, 7, 17
Let f = 90 + -39. List the prime factors of f.
3, 17
Suppose -3*v = q + 37, q = -q + v - 95. Let d = -15 - q. Let f = d + -16. What are the prime factors of f?
3, 5
Suppose -2*u + 96 = -u. Suppose 0 = -3*s - u + 516. What are the prime factors of s?
2, 5, 7
Let n(s) = 11*s**2 + s. Let d be n(-3). Let k = 126 + d. Suppose -4*u + k = 66. What are the prime factors of u?
3, 13
Let g = 1494 - 867. Suppose 2*v - 418 = 5*i, -2*v - v + 3*i + g = 0. List the prime factors of v.
11, 19
Suppose 36 - 128 = -4*j. Let z = 82 - j. List the prime factors of z.
59
Let g = 316 - -58. What are the prime factors of g?
2, 11, 17
Let x = 171 - 25. What are the prime factors of x?
2, 73
Suppose c - 5*c + m + 97 = 0, 5*c = 2*m + 122. Let q be 12/c + (-458)/(-4). What are the prime factors of q/3 - (-10)/15?
3, 13
Let m be 5/(-1 + 2) + 0. Let x(f) be the first derivative of f**4/4 - f**3 + f**2 - 6*f + 97. List the prime factors of x(m).
2, 3
Let k = -48 + 74. Suppose 37 = b - 3*g - k, g - 1 = 0. List the prime factors of b.
2, 3, 11
Let r = -15 - -24. Let j(p) = -2*p - p - 5*p**2 + r*p + p**3 - 7 + 2*p. What are the prime factors of j(5)?
3, 11
Suppose 5*o - 891 = -5*u + 1009, -5*u + 3*o + 1924 = 0. What are the prime factors of u?
383
Let q be -6 + 3 - (-10 - 2*-1). Suppose 27 = -q*t + 122. What are the prime factors of t?
19
Let q = -371 - -581. Suppose 8*y + 2*u - 210 = 3*y, 0 = 5*y - 4*u - q. Let m = 24 + y. List the prime factors of m.
2, 3, 11
Let x = 419 - 265. Let c be (-4)/30 - x/(-30). Suppose 4*q - 156 = -q + v, c*q = -5*v + 180. What are the prime factors of q?
2
Suppose 0 = -3*l + 2*g + 146, -4*l - l + 4*g = -244. Suppose 0 = 5*a - l - 67. What are the prime factors of a?
23
Let q be 254/(-7) + (-36)/(-126). Let d = q - -180. What are the prime factors of d?
2, 3
Let d(t) = -56*t - 3. Let c be 5*((-2 - 0) + 3). Suppose -y = -5*f + 3 + 23, 5*y = -c*f + 20. List the prime factors of d(y).
53
Let w = -20 - -15. Let x be ((-42)/(-35))/((-2)/w). Suppose -50 = -2*p - 2*i, -72 = -x*p - 0*p - 4*i. What are the prime factors of p?
2, 7
Suppose -93 = -6*n + 51. List the prime factors of n.
2, 3
Suppose -j = 2*y - 1456, 325 = j - 3*y - 1106. List the prime factors of j.
2, 3, 241
Suppose -161*g + 160*g + 204 = 0. List the prime factors of g.
2, 3, 17
Let f be (0 - 1929/15)/((-7)/35). Suppose 5*c - 2*v - f = -3*v, 4*c = -4*v + 524. What are the prime factors of c?
2
Let d = 183 + 109. Let c = 475 - d. What are the prime factors of c?
3, 61
Suppose 5*z + 5*u = 355, 5*z - 273 = 2*u + 89. Suppose -157*s = -152*s - 600. Let p = s - z. List the prime factors of p.
2, 3
Let c(a) be the second derivative of a**5/20 - 7*a**4/12 + 3*a**3/2 + 7*a**2/2 + 8*a. Let j be c(5). Suppose j*u - 111 = -u. What are the prime factors of u?
37
Let t = 45 + 4. Suppose 2*z + 2*x - 66 = 0, -z + x + t = 12. What are the prime factors of z?
5, 7
Let i(l) = -l**3 + 5*l**2 - 4*l - 3. Let n be i(5). Let s = 554 - 523. Let f = n + s. List the prime factors of f.
2
Let o = -38 - -71. Suppose -2*r + 5*r = -o. Let u = 32 + r. List the prime factors of u.
3, 7
Let k = 136 + -82. Let q be (1 + 0)*(0 - 0). Suppose q*n - 3*n = -k. What are the prime factors of n?
2, 3
Let q = -35 - -25. Let x be (-6)/(-10) - 44/q. Suppose 8 = x*d - 4*d. List the prime factors of d.
2
Suppose t - 419 = -o + 479, o = 5*t - 4490. List the prime factors of t.
2, 449
Let n be ((-8)/20)/(1/(-5)). Suppose -4*w - n*i + 794 = 0, 5*w - 5*i - 73 - 957 = 0. What are the prime factors of w?
3, 67
Let t(q) = q**3 - 26*q**2 + 17*q - 43. List the prime factors of t(28).
3, 23, 29
Let h = 2991 + -1687. What are the prime factors of h?
2, 163
Suppose 10*i = 726 + 664. What are the prime factors of i?
139
Let d = -118 + 178. Let i = -39 + d. What are the prime factors of i?
3, 7
Suppose -2*c - 3 = -2*u - 3*c, 5*u - 13 = 3*c. Let m be 37 + 0 + -3 + u. Suppose -m - 6 = -3*t. What are the prime factors of t?
2, 7
Let v(n) be the second derivative of 11*n**6/720 + 11*n**5/120 + n**4/3 - 10*n. Let j(x) be the third derivative of v(x). What are the prime factors of j(4)?
5, 11
Suppose -4*o + 7 = 3*i, 4*i - 2*o = -o + 3. Let z be i*(3 + (-4 - -63)). Let p = -33 + z. What are the prime factors of p?
29
Let m(a) = 17*a**2 - 6*a - 5. Let z(s) = -s**3 - 12*s**2 - s - 14. Let x be z(-12). What are the prime factors of m(x)?
3, 5
Let h(v) = -36*v**3 + v**2 + v. Let s be h(-1). List the prime factors of s/(-8)*((-680)/6)/5.
2, 3, 17
Let u = 955 + -644. Let j = -183 + u. List the prime factors of j.
2
List the prime factors of (-4 + (-3741)/12)/((-15)/20).
421
Let k(h) = h**3 - 2*h**2 - 4*h**2 - 4*h**2 - 8*h. Let s be 1 + 2 - 8*1*-1. What are the prime factors of k(s)?
3, 11
Let s = 94 + -55. Let o = 103 - s. List the prime factors of o.
2
Let r(d) = d**2 - d - 9. Let t be r(-3). Suppose -t*c + 50 = -112. What are the prime factors of c?
2, 3
Let f(q) = 6*q - 1. Let h be f(1). Suppose -h*m = 45 - 15. List the prime factors of m/24*-3*4.
3
Let o(b) = b**3 + 5*b**2 - 5. Let g be o(-4). Let q be (54/30)/((-4)/20 - 0). Let k = g + q. List the prime factors of k.
2
Suppose 0*x = -2*x + 22. Suppose 4*n + x - 39 = 0. Let d = n + -4. What are the prime factors of d?
3
Suppose -32 = -2*h - 4*n, -3*h + n - 6*n + 44 = 0. Suppose -w = -2*w + h. What are the prime factors of (-2 - (-12)/w)*-74?
37
Suppose 2*x - 822 = 5*x. List the prime factors of (2 + (-5)/2)*x.
137
Let b be (-2)/6*1 - 527/93. Let q(z) = 4*z**2 - 14 + 3*z**2 - 6*z**2. What are the prime factors of q(b)?
2, 11
Let w = -2220 - -3631. What are the prime factors of w?
17, 83
Let i(o) = -3*o**3 - 9*o**2 + 3*o + 10. Let 